 9
5
-35 (base 16) to base 10
-53
Convert 14 (base 9) to base 16.
d
Convert -15 (base 11) to base 9.
-17
What is -10011110 (base 2) in base 11?
-134
What is 5 (base 6) in base 15?
5
What is 148 (base 9) in base 7?
236
Convert 66 (base 10) to base 5.
231
-277 (base 8) to base 11
-164
-1 (base 15) to base 9
-1
What is 10 (base 2) in base 5?
2
What is -2 (base 8) in base 10?
-2
1 (base 15) to base 5
1
What is 0 (base 13) in base 2?
0
What is 13 (base 7) in base 14?
a
What is -5 (base 16) in base 2?
-101
What is 10 (base 4) in base 2?
100
Convert -10112 (base 3) to base 8.
-137
Convert 105 (base 6) to base 5.
131
What is 4 (base 13) in base 10?
4
Convert -232 (base 4) to base 2.
-101110
What is -2 (base 3) in base 16?
-2
Convert 56 (base 12) to base 9.
73
Convert 4 (base 6) to base 16.
4
What is 0 (base 15) in base 2?
0
Convert 10010 (base 2) to base 4.
102
Convert 17 (base 10) to base 9.
18
-1000 (base 2) to base 3
-22
-3 (base 16) to base 14
-3
What is -13 (base 4) in base 2?
-111
-58 (base 12) to base 13
-53
What is 3 (base 9) in base 7?
3
What is -2422 (base 5) in base 14?
-1bc
16 (base 7) to base 11
12
25 (base 6) to base 12
15
-14 (base 7) to base 5
-21
4 (base 14) to base 4
10
2013 (base 4) to base 13
a5
Convert 324 (base 6) to base 9.
147
0 (base 9) to base 12
0
Convert -2 (base 13) to base 2.
-10
What is 222 (base 6) in base 10?
86
What is -10 (base 2) in base 14?
-2
What is 14 (base 8) in base 3?
110
Convert 2 (base 7) to base 5.
2
What is -142 (base 6) in base 9?
-68
Convert -18 (base 13) to base 3.
-210
What is 246 (base 12) in base 7?
666
-21 (base 4) to base 14
-9
What is -7 (base 13) in base 8?
-7
Convert 131 (base 11) to base 12.
10b
-11 (base 6) to base 14
-7
2122 (base 4) to base 15
a4
-1 (base 4) to base 16
-1
Convert -13 (base 10) to base 13.
-10
13 (base 4) to base 12
7
What is 8 (base 12) in base 10?
8
What is 17 (base 14) in base 15?
16
-10100 (base 2) to base 9
-22
What is -5 (base 15) in base 11?
-5
-1 (base 11) to base 2
-1
18 (base 11) to base 7
25
Convert 11 (base 13) to base 10.
14
What is 6 (base 16) in base 5?
11
Convert 6 (base 14) to base 10.
6
Convert -24 (base 6) to base 16.
-10
Convert -1 (base 11) to base 8.
-1
What is -13 (base 7) in base 9?
-11
-17 (base 15) to base 12
-1a
2 (base 10) to base 11
2
What is -24 (base 6) in base 9?
-17
-36 (base 16) to base 4
-312
Convert -1000000 (base 2) to base 11.
-59
-70 (base 15) to base 3
-10220
Convert 23 (base 6) to base 12.
13
What is -3 (base 10) in base 5?
-3
What is -2 (base 4) in base 16?
-2
Convert -1 (base 4) to base 15.
-1
85 (base 11) to base 10
93
What is 3 (base 13) in base 8?
3
What is -120 (base 7) in base 8?
-77
Convert 7 (base 8) to base 6.
11
Convert 5 (base 12) to base 13.
5
Convert -100101001 (base 2) to base 8.
-451
-3 (base 14) to base 12
-3
What is -3 (base 11) in base 4?
-3
What is 10010 (base 2) in base 11?
17
What is -5 (base 12) in base 14?
-5
Convert -c (base 16) to base 3.
-110
Convert 2 (base 15) to base 9.
2
-7 (base 9) to base 11
-7
0 (base 11) to base 10
0
What is -14 (base 16) in base 9?
-22
What is -70 (base 14) in base 9?
-118
What is -15 (base 13) in base 15?
-13
-11 (base 7) to base 12
-8
Convert -6 (base 15) to base 14.
-6
-111 (base 3) to base 15
-d
What is -86 (base 10) in base 2?
-1010110
What is 3 (base 13) in base 9?
3
Convert 1 (base 14) to base 11.
1
What is -2 (base 10) in base 4?
-2
Convert 13 (base 11) to base 16.
e
What is 10022 (base 3) in base 6?
225
Convert -114 (base 8) to base 14.
-56
Convert -10 (base 8) to base 14.
-8
What is 0 (base 15) in base 5?
0
What is -35 (base 9) in base 2?
-100000
Convert -3010 (base 4) to base 10.
-196
2 (base 7) to base 10
2
What is 7 (base 9) in base 8?
7
What is 66 (base 11) in base 8?
110
17 (base 14) to base 10
21
16 (base 11) to base 9
18
What is -322 (base 4) in base 6?
-134
3 (base 7) to base 6
3
-c (base 16) to base 13
-c
What is 10 (base 5) in base 11?
5
What is -10 (base 6) in base 16?
-6
8 (base 14) to base 15
8
What is -101 (base 2) in base 10?
-5
What is -220 (base 3) in base 9?
-26
What is -1222 (base 3) in base 16?
-35
What is -5 (base 13) in base 8?
-5
What is -10000101 (base 2) in base 10?
-133
-17 (base 14) to base 10
-21
What is 0 (base 6) in base 4?
0
-40 (base 8) to base 2
-100000
What is 2 (base 16) in base 10?
2
110 (base 2) to base 8
6
What is -5 (base 16) in base 5?
-10
24 (base 10) to base 7
33
3 (base 12) to base 16
3
220 (base 6) to base 7
150
What is 7 (base 15) in base 12?
7
What is 100010 (base 2) in base 15?
24
Convert -16 (base 7) to base 8.
-15
Convert 26 (base 13) to base 11.
2a
Convert -1310 (base 5) to base 16.
-cd
Convert 1202 (base 4) to base 2.
1100010
Convert 11 (base 2) to base 13.
3
-2 (base 4) to base 5
-2
Convert -1 (base 8) to base 15.
-1
-36 (base 16) to base 6
-130
61 (base 12) to base 5
243
What is 0 (base 10) in base 8?
0
What is 19 (base 12) in base 13?
18
What is 1 (base 3) in base 11?
1
10011 (base 2) to base 9
21
-21 (base 9) to base 12
-17
What is 14 (base 5) in base 2?
1001
Convert -103 (base 10) to base 2.
-1100111
-4 (base 12) to base 5
-4
552 (base 6) to base 14
112
10 (base 4) to base 7
4
Convert 1112 (base 4) to base 16.
56
What is -3 (base 16) in base 2?
-11
Convert -145 (base 9) to base 7.
-233
What is -25 (base 14) in base 12?
-29
What is 3 (base 4) in base 3?
10
Convert 2 (base 14) to base 9.
2
Convert -123 (base 4) to base 10.
-27
What is -2 (base 3) in base 5?
-2
What is 55 (base 7) in base 10?
40
-321 (base 5) to base 13
-68
What is 6 (base 15) in base 3?
20
What is -2 (base 8) in base 7?
-2
-c (base 15) to base 10
-12
Convert 1312 (base 4) to base 8.
166
-1 (base 2) to base 15
-1
What is -241 (base 6) in base 12?
-81
Convert 1001 (base 2) to base 5.
14
22 (base 3) to base 4
20
Convert -147 (base 9) to base 10.
-124
Convert 1 (base 5) to base 4.
1
-13 (base 6) to base 16
-9
-22 (base 5) to base 3
-110
2a (base 15) to base 6
104
What is 1 (base 15) in base 12?
1
What is 0 (base 9) in base 4?
0
4 (base 7) to base 16
4
Convert 7 (base 14) to base 6.
11
Convert 10 (base 7) to base 10.
7
3 (base 11) to base 8
3
Convert -3 (base 16) to base 15.
-3
What is 3 (base 14) in base 3?
10
Convert 1 (base 10) to base 15.
1
267 (base 8) to base 13
111
4 (base 6) to base 7
4
-1011 (base 2) to base 5
-21
What is -12200 (base 3) in base 11?
-12a
What is 102 (base 4) in base 13?
15
What is -3 (base 9) in base 15?
-3
Convert 15 (base 11) to base 14.
12
-13 (base 5) to base 14
-8
101 (base 5) to base 2
11010
Convert -1a9 (base 13) to base 2.
-100110100
8 (base 10) to base 7
11
What is b (base 16) in base 12?
b
Convert 2 (base 10) to base 3.
2
What is 0 (base 10) in base 4?
0
-114 (base 5) to base 10
-34
166 (base 9) to base 13
ab
40 (base 14) to base 6
132
What is -1 (base 7) in base 11?
-1
What is -64 (base 7) in base 3?
-1201
Convert -67 (base 8) to base 7.
-106
Convert 1 (base 15) to base 5.
1
Convert 4 (base 15) to base 10.
4
What is 31 (base 6) in base 13?
16
What is -22 (base 3) in base 13?
-8
Convert -151 (base 6) to base 9.
-74
What is 357 (base 9) in base 12?
207
-98 (base 11) to base 8
-153
What is 102 (base 4) in base 6?
30
What is 7 (base 14) in base 9?
7
Convert 4 (base 10) to base 16.
4
-5 (base 7) to base 11
-5
5 (base 6) to base 11
5
Convert -13 (base 16) to base 7.
-25
Convert 1 (base 15) to base 7.
1
-6 (base 8) to base 10
-6
What is -29 (base 15) in base 4?
-213
-1 (base 12) to base 16
-1
-186 (base 11) to base 13
-137
What is -41 (base 10) in base 7?
-56
Convert 5 (base 16) to base 6.
5
3 (base 10) to base 12
3
Convert 134 (base 14) to base 5.
1432
31 (base 7) to base 15
17
Convert -50 (base 7) to base 5.
-120
What is -84 (base 9) in base 8?
-114
2 (base 13) to base 7
2
100 (base 4) to base 14
12
What is 11 (base 3) in base 16?
4
Convert 1 (base 3) to base 7.
1
What is 2 (base 10) in base 13?
2
Convert -3 (base 16) to base 6.
-3
What is -101 (base 2) in base 3?
-12
50 (base 16) to base 3
2222
What is -2 (base 3) in base 5?
-2
-2 (base 4) to base 2
-10
What is -2 (base 9) in base 7?
-2
Convert 540 (base 8) to base 2.
101100000
-10 (base 9) to base 10
-9
Convert -330 (base 6) to base 14.
-90
Convert -22 (base 16) to base 9.
-37
Convert 0 (base 3) to base 15.
0
Convert 2 (base 7) to base 12.
2
11 (base 4) to base 8
5
8 (b